35?
-41
Evaluate (-42 - -23) + (9 - 10).
-20
What is ((-36 - 23) + 9 - -51) + 109 + 1?
111
What is the value of 129 - (28 - (133 + -287))?
-53
What is the value of 5 + (50 - (-2 - (10 + -8))) + -2 + -2?
55
What is the value of (1 - 48) + 3327 + -3324?
-44
(-26 - (-1 + -13) - 29) + (2 + 9 - -1)
-29
What is 8 - (0 - (-28 + (0 - -6)) - (-204 - -220))?
2
Calculate 2 + (-53 - 36) - -56.
-31
-84 + 2 - (((-16 - -3) + 6 - -6) + 13)
-94
What is (-16 - 16) + 83 + -28?
23
What is the value of 27 + 2 + -50 + (102 - -4)?
85
14 + -7 + 13 + -39 - ((23 - 5) + -9)
-28
Calculate 140 - 143 - (-62 - ((-3 - -2) + 0 + 2)).
60
What is the value of 365 + -372 - (-1 + (-67 - 2))?
63
Evaluate 33 - -18 - (18 + 22 - 18).
29
What is (-18 - -31 - -13 - 25) + -10 + (1 - 1)?
-9
Evaluate -5499 + 5445 - (-21 - 1).
-32
What is -30 - -7 - (3 - 24 - -9 - -13)?
-24
Calculate 52 - (16 + (0 - (10 + -11)) + -9 + 2).
42
What is -32 + (46 - 39) + 32 + 3 + 3 + -25?
-12
(-3 - ((235 - 235) + -1 + 2 + -9)) + 4
9
Evaluate -17 + (13 - 46) + 16.
-34
Calculate (-11 - -2) + (27 - 9) + -9 + -4 - -11.
7
Calculate -9 + 3 + -29 + 36 + 1 + -2 + -35.
-35
What is the value of (31 - 74) + 9 + 97?
63
Evaluate -10 + 44 - -22 - 82.
-26
24 + (63 - 29) - -1
59
(-12332 - -12460) + (-250 - 1)
-123
Calculate 38 + (33 - (4 + 38)).
29
What is the value of (22 - -2) + (-668 - -685)?
41
What is (16 - (-21 + 5 - -39)) + -29?
-36
Evaluate (-16 - -1) + (203 - 187) - -23.
24
Evaluate (280 - 305) + 3 + 23 + (-1 - -25) + -1.
24
Calculate (-710 - -62) + 663 + -1 + (1 - -4) + -1.
18
What is 64 + -43 + (48 - -22) + -1 + -7?
83
Calculate -18 - (-32 + 33 + 16 - (-9 - -2)).
-42
0 - (3 + (-5 - (-4 + 3 + -6 + 0)))
-5
What is 1 - -1 - (-50 + -37 + 51) - (0 - 11)?
49
-3 + 22 + 0 + -2 + -15
2
What is 1503 + -1582 + 201 + -1?
121
Evaluate 12 - (-43 + 21) - (-6 + 2 + 0).
38
Calculate 14 + -58 - (-13 - -3).
-34
Calculate -22 + -23 + 35 + -19.
-29
-130 - (-30 + (-49 - 15))
-36
-93 - -201 - -32 - 44
96
Evaluate -28 - 0 - (-25 + 13 + -18 - -36).
-34
What is the value of -1 + -30 + (-1 - 1) + (-12 - -4) + -2?
-43
Calculate 25 + 15 - -3 - (23 - 3).
23
What is the value of (48 - 77) + 69 - -45?
85
Evaluate 93 + (82 + -85 - (-3 + -6 + 3) - -2).
98
Calculate 27 - 48 - -33 - (-61 - (3 + 0)).
76
Calculate -71 + 250 + -143 + -131.
-95
What is the value of (70 - 69) + (132 - 50)?
83
Calculate -67 + (69 + -3 - 60).
-61
Evaluate 4 + (143 + -148 - (8 + 0)).
-9
What is the value of -82 + 82 - (9 + (2 - 10)) - -26?
25
Calculate -5 - (16 + (5 - 22)) - (-20 + 2 + -2).
16
Calculate (3 - (-9 - (-2 - 1))) + (212 - 84) + -89.
48
Calculate 3 - (27 + -1 + (-131 - -102)).
6
(-96 - 5) + 7 - (-17 - (-8 + 0 + -10))
-95
Evaluate (30 - -23) + (4 - (3 + (10 - 7) - 13)).
64
Calculate -112 + (4 - 0) - 2 - (226 - 245).
-91
What is the value of 133 + -38 + (-12 - 22)?
61
What is the value of -201 + 127 + (39 - 2)?
-37
Evaluate 15 + 5 + (-48 - 6).
-34
What is 11 - ((19 - 22) + (26 - 8)) - 2?
-6
Calculate (1 + -34 - 1) + -22 + -6 + 167 + -143.
-38
Calculate 50 - (48 + 2 + -39).
39
What is 51 + -10 + 45 + -4 + 24 + -5?
101
What is the value of -4 + (-23 - (9 - 21) - -15) - -19?
19
What is the value of -97 + 0 - (225 - (-349 - -585))?
-86
Evaluate 37 - (16 - (18 - 4)).
35
Calculate 565 + -568 + (-5 - (-5 + 20)).
-23
Evaluate 41 - (-49 - -50 - (1 - 3)) - (1 - -7).
30
Evaluate -5 + (-18 - -6) + (-119 - -118).
-18
Calculate -20 - ((184 - 13) + -105).
-86
What is 14 + -2 + 0 - 1 - 3 - (508 - 454)?
-46
What is the value of 123 + -22 + 31 + -11 + (7 - 18) + 1?
111
38 + -46 - (2 - (6 - (-2 - -3) - -1))
-4
Evaluate (9 - (21 + -8)) + 13 + 4 - (-102 - -1).
114
-2 + (-8 - -4 - (22 + -12)) + 40 + 64
88
Calculate -79 + -11 + 17 + -1 + 5 + (-8 - -8).
-69
What is (23 - 31) + -5 + 39 + -18?
8
What is 78 + -13 + (45 - 82)?
28
Calculate 7 + (-3 - 1 - 5) + 0 + -11.
-13
Calculate 5 - (-4 + (-5 - (5 - -3)) + (90 - 87)).
19
-19 + 103 + -2 + -6 + -3
73
What is (34 + -4 - 15) + 43 - (-1 + 6)?
53
Evaluate 99 + (78 - (-84 - -195)).
66
Calculate -36 - (161 - 33 - 35 - 3).
-126
0 - 11 - (-114 + 96 + (-3 - 23))
33
What is the value of 454 + -511 - (0 - 114)?
57
What is the value of 115 + (-135 - -32) + 0 + -42?
-30
Evaluate (143 - 116) + 6 + 6 + 3.
42
Calculate 328 - 268 - (1 - (8 + -4 + -16)).
47
Evaluate -78 - (91 - 75) - -79.
-15
What is -3 + (56 - -93) + -76?
70
Calculate -55 + 26 + (23 - 29) + 21.
-14
What is the value of 98 + -53 + -133 + 129?
41
Calculate -4 - (-45 + (35 - 1) + -10).
17
Evaluate 15 + -56 - 2 - (-4 + -15).
-24
What is -25 + (-11 - -24 - 6) + -6 + (0 - -8)?
-16
What is -30 - -48 - (-17 - -38)?
-3
Calculate 6926 + -7033 + 70 + 0.
-37
Calculate -101 - (-131 - -44 - -3).
-17
Calculate (-80 - (-51 - 0)) + -32.
-61
Calculate (62 - 118 - -46) + (-13 - (-1 + 3 + -2)).
-23
What is the value of (-13 - -4) + -16 + (-3 - (-107 - -23))?
56
-7355 - -7349 - (-1 + -18 - -1)
12
Evaluate (72 - -1) + 5831 + -5871.
33
What is the value of 11 - (-43 - (57 - 53))?
58
What is the value of (100 - 131) + (6 - 2)?
-27
(18 - (-60 - (7 + 20))) + -40
65
What is 1 - 0 - -19 - (-7484 + 7485)?
19
What is the value of -106 - -117 - (37 + 7 - 4)?
-29
What is (-11 - (89 - 88)) + -1 + 89?
76
(-18 - 6) + -26 + 3 + 35 + -11
-23
What is the value of -97 + (5 - (19 - 10 - 19 - -1))?
-83
37 + -154 + (-44 - -20 - -37)
-104
What is -12 - ((0 - -5) + 0 - (326 - 275))?
34
Evaluate 0 + (14 - 5) + -5 + (-15 + 111 - 18).
82
What is -80 - (-90 + 27) - (-2 + -78)?
63
What is the value of (19 - (-6 - -16)) + 15 + -2 + -3?
19
Evaluate (407 - 343) + (1 - (3 + -2)).
64
Evaluate 189 - 197 - (56 + (-3 - 0)).
-61
What is the value of 34 + (-34 - (57 - 49))?
-8
(10 + (-1 - 7) - 9) + -18 + -12
-37
What is -8 + (-16 - -17 - (-34 - -19)) + -95?
-87
Calculate (66 - 57) + (1 - (-3 + -1 + 7)) + 11.
18
-4 - ((-9 - -36) + (2 - 0))
-33
What is -15 + (31 + -32 + -1 - -21)?
4
Evaluate (1 - -13) + -2194 + 2202.
22
What is the value of (1 - -38) + (14 - (-5 + 3)) + -15 + -10?
30
Evaluate (15 - 46 - -112) + -4.
77
What is the value of -69 - (-82 + 104) - -119?
28
Calculate 4 + (15 - 10) + 40 - (13 - 10).
46
What is 7 - 9 - (23 - (-81 + 32))?
-74
What is (114 + -70 - 60) + (-1 - -37)?
20
Evaluate 10 + -11 + (65 + -60 - ((-3 - -3) + 29)).
-25
What is (-24 - 0 - (-29 + -35 + 112)) + 16?
-56
(28 - 10 - (-14 - -10)) + -3 + -158
-139
What is the value of (31 - 29) + -1 + -5 - (0 - (0 - -49))?
45
((16 - 17 - -17) + -16 - -5) + 3 + -12
-4
(128 - 132) + -4 + 3 + -4
-9
What is the value of (-62 - (-19 - (11 + -7))) + -7?
-46
Calculate 4 - (4 + (-12 - 3) + (-1 - 8)).
24
Calculate -40 + 17 + -31 + 56.
2
Evaluate 222 - 188 - (-45 - (4 - 2)).
81
What is the value of -3 + 111 + 31 + 116 + -168?
87
What is the value of 10 + (11 - (40 + 12 + -7 + -4)) + -8?
-28
What is (2 - 45 - -4) + -38 + 33?
-44
Evaluate 52 - (10 - (3 - (-15 - -30) - -18)).
48
What is the value of 9 + (-12 - (22 - 33 - 0))?
8
What is (7 - (-8 + (-49 - -12))) + -13 + 5 + 7?
51
What is the value of -13 + (27 - (-7 + 7)) + -13 + -1?
0
What is -59 + -36 + 156 + -75?
-14
What is the value of 15 - (43 + (-8 - 9)) - (2 - 24) - 34?
-23
Calculate 38 - (-1725 + 1736 - (1 + -78)).
-50
What is 9 + -1 + 45 - -52?
105
What is the value of -12 - (20 - (23 - -12) - -38)?
-35
What is 1 + -11 + (-132 + 92 - -85)?
35
Evaluate 447 + -414 + (-1 - -7).
39
Evaluate (-29 - -17) + (6 + -6 - 16).
-28
What is the value of -1 + (-6 - -1) - (-95 + 148 - 40)?
-19
23 + (-100 + 96 - -47)
66
What is (35 - (-2 - -2 - 9)) + (-25 - -33)?
52
What is the value of -23 + 2 - (-1057 - -1036)?
0
Evaluate -1 + -2 + (12 + -13 - 12) + 8 + -13.
-21
What is -6 + 13 - -65 - (12 - -18 - 19)?
61
What is 4 + (-46 - (-6 + 4)) + (282 - 292)?
-50
Evaluate (-107 - -124) + 0 + -17 - 9.
-9
Evaluate -9 + (-16 + (15 - 7) - (7 + -5)).
-19
383 + -392 + 1 + 1 + 3 + -1 + 10
5
Calculate 629 + -581 + (-23 - 5).
20
What is 4 - 1 - (-2 + 7) - ((6 - 1) + 52)?
-59
What is (3 + 8 - 66) + 23 + (1 - 9)?
-40
What is 72 + 66 + -186 - (0 - (-5 + 0))?
-53
Evaluate -2 + 4 + -52 + (-60 - -56).
-54
Evaluate 25 - (2 - (-59 - -23)).
-13
(5225 - 5233) + -1 + -15
-24
Evaluate 27 + 18 + (-1 + -2 - 16).
26
Evaluate (60034 - 59996) + (-1 + -11 - (1 - 1)).
26
Calculate -50 + 25 + 0 + (-20 - (6 + -14)).
-37
What is -29 + -3 + 2 + -1 - (-86 + -51 - -138)?
-32
Calculate -37 + (-1